898 is divided by 37.
23
Calculate the remainder when 4839 is divided by 86.
23
Calculate the remainder when 215 is divided by 90.
35
What is the remainder when 126 is divided by 104?
22
Calculate the remainder when 182 is divided by 108.
74
Calculate the remainder when 62148 is divided by 168.
156
Calculate the remainder when 6568 is divided by 632.
248
Calculate the remainder when 5412 is divided by 664.
100
What is the remainder when 465 is divided by 254?
211
Calculate the remainder when 4359 is divided by 543.
15
Calculate the remainder when 10779 is divided by 852.
555
What is the remainder when 99216 is divided by 31?
16
Calculate the remainder when 99454 is divided by 56.
54
Calculate the remainder when 8842 is divided by 25.
17
What is the remainder when 19951 is divided by 285?
1
What is the remainder when 206386 is divided by 13?
11
What is the remainder when 41744 is divided by 1069?
53
What is the remainder when 159714 is divided by 8871?
36
What is the remainder when 134422 is divided by 16792?
86
Calculate the remainder when 1067722 is divided by 171.
169
Calculate the remainder when 49709 is divided by 469.
464
Calculate the remainder when 22420 is divided by 22414.
6
Calculate the remainder when 2201 is divided by 502.
193
Calculate the remainder when 812580 is divided by 153.
150
What is the remainder when 6662 is divided by 221?
32
Calculate the remainder when 5014 is divided by 204.
118
What is the remainder when 262 is divided by 147?
115
What is the remainder when 37924 is divided by 777?
628
Calculate the remainder when 11121 is divided by 427.
19
What is the remainder when 263338 is divided by 210?
208
Calculate the remainder when 2381 is divided by 1357.
1024
Calculate the remainder when 43118 is divided by 21553.
12
Calculate the remainder when 36182 is divided by 65.
42
What is the remainder when 7649 is divided by 103?
27
Calculate the remainder when 13445 is divided by 331.
205
Calculate the remainder when 44160 is divided by 39.
12
What is the remainder when 51881 is divided by 258?
23
Calculate the remainder when 26573 is divided by 591.
569
Calculate the remainder when 19691 is divided by 225.
116
What is the remainder when 1104727 is divided by 10?
7
What is the remainder when 248635 is divided by 740?
735
Calculate the remainder when 7542 is divided by 92.
90
What is the remainder when 51669 is divided by 177?
162
Calculate the remainder when 5751 is divided by 54.
27
Calculate the remainder when 1680 is divided by 3.
0
Calculate the remainder when 603343 is divided by 145.
143
What is the remainder when 1589 is divided by 1506?
83
Calculate the remainder when 2050 is divided by 89.
3
What is the remainder when 2321604 is divided by 13?
12
Calculate the remainder when 10972111 is divided by 118.
117
What is the remainder when 136492 is divided by 1011?
7
What is the remainder when 644018 is divided by 967?
963
Calculate the remainder when 14030 is divided by 77.
16
Calculate the remainder when 110339 is divided by 114.
101
What is the remainder when 364647 is divided by 650?
647
What is the remainder when 1677 is divided by 1633?
44
What is the remainder when 39825 is divided by 71?
65
What is the remainder when 2232 is divided by 571?
519
What is the remainder when 51646 is divided by 48?
46
What is the remainder when 1166 is divided by 381?
23
What is the remainder when 440 is divided by 3?
2
What is the remainder when 25184 is divided by 396?
236
Calculate the remainder when 40308 is divided by 682.
70
Calculate the remainder when 8265 is divided by 1650.
15
Calculate the remainder when 1711 is divided by 76.
39
What is the remainder when 98871 is divided by 98832?
39
Calculate the remainder when 400815 is divided by 33.
30
Calculate the remainder when 1022 is divided by 343.
336
What is the remainder when 12500 is divided by 236?
228
What is the remainder when 1824 is divided by 1718?
106
Calculate the remainder when 1484 is divided by 537.
410
Calculate the remainder when 19118 is divided by 13.
8
Calculate the remainder when 309126 is divided by 51521.
0
Calculate the remainder when 1984 is divided by 267.
115
Calculate the remainder when 1193 is divided by 14.
3
What is the remainder when 3680 is divided by 3661?
19
Calculate the remainder when 13751 is divided by 21.
17
Calculate the remainder when 2799 is divided by 153.
45
What is the remainder when 1422202 is divided by 81?
4
What is the remainder when 61122 is divided by 32?
2
What is the remainder when 4385 is divided by 868?
45
Calculate the remainder when 10744 is divided by 1190.
34
Calculate the remainder when 34172 is divided by 928.
764
Calculate the remainder when 8502 is divided by 3649.
1204
Calculate the remainder when 3985 is divided by 993.
13
What is the remainder when 2442 is divided by 1005?
432
What is the remainder when 54086 is divided by 1682?
262
Calculate the remainder when 3525 is divided by 584.
21
What is the remainder when 10393 is divided by 522?
475
What is the remainder when 5866 is divided by 59?
25
Calculate the remainder when 159679 is divided by 40.
39
Calculate the remainder when 18004 is divided by 217.
210
Calculate the remainder when 5404 is divided by 772.
0
What is the remainder when 215033 is divided by 640?
633
What is the remainder when 13074 is divided by 213?
81
What is the remainder when 1750 is divided by 973?
777
What is the remainder when 916 is divided by 93?
79
What is the remainder when 59704 is divided by 29?
22
Calculate the remainder when 8011 is divided by 41.
16
What is the remainder when 33094 is divided by 101?
67
Calculate the remainder when 1831 is divided by 907.
17
Calculate the remainder when 595097 is divided by 7.
6
Calculate the remainder when 10866 is divided by 5328.
210
What is the remainder when 10463933 is divided by 39?
38
What is the remainder when 21391 is divided by 7124?
19
What is the remainder when 56730 is divided by 37?
9
What is the remainder when 19868 is divided by 621?
617
What is the remainder when 78323 is divided by 67?
0
Calculate the remainder when 215471 is divided by 71.
57
Calculate the remainder when 27668 is divided by 2121.
95
Calculate the remainder when 14576 is divided by 139.
120
What is the remainder when 57823 is divided by 169?
25
Calculate the remainder when 908976 is divided by 2109.
2106
What is the remainder when 24034 is divided by 86?
40
Calculate the remainder when 9936 is divided by 90.
36
What is the remainder when 7381685 is divided by 937?
936
Calculate the remainder when 50834 is divided by 470.
74
What is the remainder when 21771 is divided by 100?
71
Calculate the remainder when 865483 is divided by 26.
21
What is the remainder when 36734 is divided by 395?
394
Calculate the remainder when 21554 is divided by 70.
64
What is the remainder when 22432 is divided by 374?
366
What is the remainder when 355091 is divided by 476?
471
What is the remainder when 851 is divided by 269?
44
Calculate the remainder when 1126002 is divided by 31.
20
Calculate the remainder when 11044 is divided by 138.
4
Calculate the remainder when 3557 is divided by 160.
37
Calculate the remainder when 1805 is divided by 598.
11
What is the remainder when 49133 is divided by 8184?
29
Calculate the remainder when 62006 is divided by 22.
10
What is the remainder when 300246 is divided by 657?
654
Calculate the remainder when 1825 is divided by 734.
357
What is the remainder when 5308 is divided by 56?
44
What is the remainder when 14491 is divided by 2780?
591
What is the remainder when 37500 is divided by 18662?
176
Calculate the remainder when 2928604 is divided by 24405.
4
Calculate the remainder when 4594 is divided by 682.
502
Calculate the remainder when 24864 is divided by 287.
182
Calculate the remainder when 3497 is divided by 3275.
222
Calculate the remainder when 10767 is divided by 30.
27
Calculate the remainder when 5438 is divided by 303.
287
Calculate the remainder when 13245 is divided by 3285.
105
Calculate the remainder when 1331098 is divided by 1450.
1448
Calculate the remainder when 446823 is divided by 305.
303
Calculate the remainder when 385133 is divided by 985.
983
What is the remainder when 126249 is divided by 20?
9
What is the rema